489?
9
What is the units digit of 658?
8
What is the units digit of 4604?
4
What is the hundreds digit of 979?
9
What is the thousands digit of 138905?
8
What is the thousands digit of 1210?
1
What is the units digit of 7492?
2
What is the ten thousands digit of 11348?
1
What is the thousands digit of 27538?
7
What is the tens digit of 28484?
8
What is the tens digit of 25511?
1
What is the tens digit of 1780?
8
What is the hundreds digit of 3904?
9
What is the tens digit of 20690?
9
What is the tens digit of 955?
5
What is the hundreds digit of 18999?
9
What is the units digit of 1166?
6
What is the thousands digit of 25186?
5
What is the thousands digit of 7940?
7
What is the hundreds digit of 279?
2
What is the tens digit of 157?
5
What is the units digit of 8382?
2
What is the units digit of 18583?
3
What is the hundreds digit of 3247?
2
What is the tens digit of 98672?
7
What is the tens digit of 32049?
4
What is the hundreds digit of 65655?
6
What is the ten thousands digit of 37335?
3
What is the tens digit of 1103?
0
What is the units digit of 13933?
3
What is the tens digit of 1499?
9
What is the hundreds digit of 27923?
9
What is the tens digit of 1986?
8
What is the hundreds digit of 29970?
9
What is the ten thousands digit of 18395?
1
What is the units digit of 4690?
0
What is the units digit of 39035?
5
What is the hundreds digit of 689?
6
What is the ten thousands digit of 101628?
0
What is the tens digit of 710?
1
What is the hundreds digit of 351?
3
What is the ten thousands digit of 28884?
2
What is the thousands digit of 1690?
1
What is the hundreds digit of 25888?
8
What is the tens digit of 4681?
8
What is the units digit of 31005?
5
What is the hundreds digit of 38823?
8
What is the tens digit of 803?
0
What is the thousands digit of 6867?
6
What is the thousands digit of 48566?
8
What is the units digit of 300?
0
What is the hundreds digit of 29376?
3
What is the tens digit of 56628?
2
What is the hundreds digit of 121?
1
What is the hundreds digit of 11727?
7
What is the units digit of 463?
3
What is the tens digit of 11926?
2
What is the hundreds digit of 36387?
3
What is the hundreds digit of 2134?
1
What is the tens digit of 671?
7
What is the hundreds digit of 1787?
7
What is the tens digit of 9763?
6
What is the thousands digit of 10406?
0
What is the tens digit of 11816?
1
What is the units digit of 143580?
0
What is the tens digit of 81076?
7
What is the tens digit of 518?
1
What is the thousands digit of 5282?
5
What is the hundreds digit of 31099?
0
What is the hundreds digit of 119?
1
What is the thousands digit of 5055?
5
What is the ten thousands digit of 39424?
3
What is the hundreds digit of 9207?
2
What is the thousands digit of 79286?
9
What is the thousands digit of 2330?
2
What is the tens digit of 3186?
8
What is the hundreds digit of 350?
3
What is the tens digit of 6693?
9
What is the ten thousands digit of 37039?
3
What is the tens digit of 1052?
5
What is the hundreds digit of 1145?
1
What is the hundreds digit of 23361?
3
What is the units digit of 8180?
0
What is the tens digit of 1833?
3
What is the units digit of 16742?
2
What is the ten thousands digit of 29160?
2
What is the thousands digit of 4693?
4
What is the ten thousands digit of 28130?
2
What is the hundreds digit of 101215?
2
What is the units digit of 277?
7
What is the hundreds digit of 76422?
4
What is the tens digit of 2572?
7
What is the units digit of 117534?
4
What is the ten thousands digit of 20371?
2
What is the thousands digit of 2711?
2
What is the units digit of 6365?
5
What is the tens digit of 23773?
7
What is the units digit of 708?
8
What is the units digit of 9914?
4
What is the tens digit of 4076?
7
What is the hundreds digit of 2771?
7
What is the units digit of 8779?
9
What is the ten thousands digit of 116357?
1
What is the ten thousands digit of 63038?
6
What is the tens digit of 54885?
8
What is the tens digit of 40346?
4
What is the tens digit of 1379?
7
What is the tens digit of 258?
5
What is the hundreds digit of 159?
1
What is the ten thousands digit of 15775?
1
What is the tens digit of 1729?
2
What is the hundreds digit of 1623?
6
What is the thousands digit of 2974?
2
What is the hundreds digit of 39434?
4
What is the ten thousands digit of 16195?
1
What is the thousands digit of 46947?
6
What is the thousands digit of 23566?
3
What is the tens digit of 18142?
4
What is the ten thousands digit of 86331?
8
What is the tens digit of 501?
0
What is the units digit of 1586?
6
What is the tens digit of 528?
2
What is the tens digit of 3559?
5
What is the units digit of 3597?
7
What is the units digit of 1086?
6
What is the units digit of 41260?
0
What is the hundreds digit of 18658?
6
What is the ten thousands digit of 72605?
7
What is the units digit of 3895?
5
What is the tens digit of 417?
1
What is the tens digit of 22324?
2
What is the hundreds digit of 635?
6
What is the tens digit of 87860?
6
What is the tens digit of 387?
8
What is the hundreds digit of 2078?
0
What is the tens digit of 3984?
8
What is the units digit of 106136?
6
What is the units digit of 522?
2
What is the thousands digit of 2914?
2
What is the tens digit of 43206?
0
What is the hundreds digit of 1841?
8
What is the tens digit of 5759?
5
What is the units digit of 69745?
5
What is the thousands digit of 2001?
2
What is the hundreds digit of 1671?
6
What is the units digit of 18891?
1
What is the tens digit of 357?
5
What is the hundreds digit of 2984?
9
What is the units digit of 7385?
5
What is the units digit of 2875?
5
What is the units digit of 27457?
7
What is the ten thousands digit of 122832?
2
What is the tens digit of 928?
2
What is the thousands digit of 8505?
8
What is the ten thousands digit of 69780?
6
What is the units digit of 2273?
3
What is the tens digit of 7968?
6
What is the hundreds digit of 34392?
3
What is the tens digit of 124682?
8
What is the units digit of 2205?
5
What is the hundreds digit of 54906?
9
What is the tens digit of 38972?
7
What is the hundreds digit of 56545?
5
What is the units digit of 853?
3
What is the hundreds digit of 278?
2
What is the tens digit of 229?
2
What is the tens digit of 4018?
1
What is the thousands digit of 79673?
9
What is the hundreds digit of 387?
3
What is the ten thousands digit of 63824?
6
What is the hundreds digit of 10639?
6
What is the units digit of 1236?
6
What is the hundreds digit of 790?
7
What is the units digit of 545?
5
What is the tens digit of 3107?
0
What is the units digit of 20477?
7
What is the hundred thousands digit of 136048?
1
What is the ten thousands digit of 53205?
5
What is the tens digit of 1217?
1
What is the thousands digit of 10895?
0
What is the hundreds digit of 329?
3
What is the tens digit of 3945?
4
What is the hundreds digit of 1613?
6
What is the tens digit of 2217?
1
What is the units digit of 266?
6
What is the tens digit of 594?
9
What is the hundreds digit of 21291?
2
What is the ten thousands digit of 20015?
2
What is the hundreds digit of 1826?
8
What is the units digit of 6482?
2
What is the units digit of 37793?
3
What is the hundreds digit of 2713?
7
What is the thousands digit of 18380?
8
What is the thousands digit of 2232?
2
What is the tens digit of 8246?
4
What is the hundreds digit of 2710?
7
What is the hundreds digit of 2857?
8
What is the units digit of 67142?
2
What is the tens digit of 62?
6
What is the thousands digit of 19528?
9
What is the tens digit of 77?
7
What is the hundreds digit of 2182?
1
What is the thousands digit of 48700?
8
What is the units digit of 2866?
6
What is the units digit of 7694?
4
What is the units digit of 9899?
9
What is the tens digit of 83772?
7
What is the tens digit of 45748?
4
What is the tens digit of 8121?
2
What is the thousands digit of 6983?
6
What is the tens digit of 1733?
3
What is the ten thousands digit of 16782?
1
What is the thousands digit of 1503?
1
What is the thousands digit of 1796?
1
What is the thousands digit of 4295?
4
What is the units digit of 49?
9
What is the thousands digit of 1751?
1
What is the units digit of 960?
0
What is the thousands digit of 3701?
3
What is the tens digit of 1331?
3
What is the hundreds digit of 37873?
8
What is the thous